 l + 3*o. Let j(a) = -5. Let y(m) = g*b(m) + l*j(m). Calculate y(-4).
-11
Let s(d) be the first derivative of d**2/2 + 42*d + 2561. Give s(-13).
29
Let i(x) = -6*x - 6*x + 8 + 5*x - 4*x + 12*x. Suppose 0*q - 2 = q. Let s be (8/12)/(q/12). What is i(s)?
4
Let i(u) = 2*u - 4. Let c(a) = -a**3 - 25*a**2 - 49*a - 19. Let b be c(-23). Suppose 0 = -15*v + b - 275. Let d be -4 - 50/v - 29/(-3). What is i(d)?
14
Let m be 4/8 + 171/18. Suppose -3*k = 5*w + m, -4*w + 6*w = 2*k - 4. Let h(d) = -16*d - 2. Determine h(w).
30
Let a(w) be the third derivative of w**5/60 + w**4/6 - 5*w**3/6 + 9*w**2. Suppose -4*m - 3*r = -2, 4*m - r = 4 - 26. Determine a(m).
-5
Let m(f) = 375*f + 378*f + 4 + 11 - 755*f. Calculate m(5).
5
Let v(g) = -17*g**2 - 4*g + 3. Let i = -104 + 109. Let t(k) = -12*k**2 - 3*k + 2. Let f(x) = i*v(x) - 7*t(x). What is f(1)?
1
Let k(t) be the first derivative of -3*t**2/2 - 10*t + 467. Give k(-3).
-1
Let g(s) be the first derivative of -s**4/4 + s**3 - s**2 + 3*s + 12796. Let l be 0 + 2 + (0 - -1). Give g(l).
-3
Let z(u) be the first derivative of -11/2*u**2 - 3*u + 7/3*u**3 + 1/4*u**4 - 48. Calculate z(-8).
21
Let a(z) be the second derivative of z**6/360 - z**5/40 + z**4/12 - 22*z**3/3 - z**2 + 3*z - 4. Let p(q) be the second derivative of a(q). Determine p(3).
2
Let s be (1/(-4)*2)/(765/34 - 22). Let a(w) = -149*w**2 - 1. Calculate a(s).
-150
Let c(z) = z**3 + 5*z**2 - 4*z + 8. Let r be c(-6). Let q(x) be the third derivative of 1/60*x**5 - 31*x**2 + 0*x + 0 + 1/2*x**3 + 5/24*x**4. Calculate q(r).
-1
Let g(s) = -3*s**3 - 2*s**3 + 4*s**3 + 5*s**2 + 6*s + 8. Suppose -5*r - 22 = -16*r. Suppose -2*t + 38 = 5*n, r*n + 8 = 2*t + 3*t. Give g(n).
8
Let k(v) be the third derivative of -v**9/60480 + v**8/20160 + v**6/720 + 31*v**5/60 + 6*v**2 - 3*v. Let s(l) be the third derivative of k(l). What is s(1)?
1
Let s(d) be the second derivative of 0 + 1/2*d**3 + 10*d - 11/2*d**2. Give s(5).
4
Suppose -5*c + 0*c - k + 54 = 0, -2*c = -3*k - 8. Suppose -3*b = -2*b - 5*g - 12, -g = -4*b + c. Let y(o) = 4*o**2 - 2*o + 2. What is y(b)?
14
Let j(v) = -9458 - 3*v + 9458 + v + 5*v**2 + 3*v. Determine j(2).
22
Let r be (28/16 + -1)/((-1)/40). Let v be ((-1)/(-4))/(r/(-120)). Let n(h) = 8*h + 1. What is n(v)?
9
Let f(g) = g**3 - 9*g**2 + 5*g + 2. Suppose -5*q - 1 = -2*n + 10, -3*n + 3*q + 39 = 0. Let t be -4 - (n/5)/(6/(-20)). Determine f(t).
-22
Let o(y) = -10 + 3 - 3*y**3 + 2*y**3 - 4*y**2 + 2*y. Let p(f) = 17*f**3 + 25 + 18*f**3 - 4*f + 11*f**2 + 3*f - 33*f**3. Let a be p(-6). Give o(a).
8
Let q(j) be the third derivative of 5*j**4/12 - 13*j**3/6 - 2*j**2 + 63*j + 3. Determine q(4).
27
Let d(u) be the third derivative of -u**6/15 + u**5/60 + 2*u**2 + 31. Let t be -1 - 7/(14/(-20)). Let h = 8 - t. Calculate d(h).
9
Let o(i) = -1860*i - 7437. Let k be o(-4). Let c(w) = 11*w**2 - w - 3. Determine c(k).
93
Let b(r) = r**3 + 2*r**2 + 5. Let v = -435 - -430. Let f be 1 + v + ((-20)/2)/(-5). Determine b(f).
5
Let j(l) = -l**2 + 2*l. Let k(d) = -2*d**2 + 2*d + 1. Suppose -2*s + 3*c - 5 = 0, 0 = 5*s - 3*c - 6 - 4. Let f(i) = s*j(i) - 3*k(i). Give f(-7).
18
Let v(n) = -n**3 + 6*n**2 + 17*n + 12. Let o(k) = -k**2 + k. Suppose -4*x = 5 - 1. Let l(y) = x*v(y) + 5*o(y). Calculate l(12).
-12
Let o(g) = -2*g**2 + 51*g + 89. Let p be o(27). Let j(a) = a**2 + 24 - 2*a**2 - 7*a - 13 - p. What is j(-10)?
-27
Let s(i) = i - 1. Let w(y) = -12*y + 5. Let v(u) = 6*s(u) + w(u). Let z(j) = j**3 - 104*j**2 - 275*j + 17848. Let c be z(105). Give v(c).
11
Let l(n) = 3*n**3 + 6*n**2 + 12*n - 43. Let v(k) = -6*k**3 - 13*k**2 - 25*k + 92. Let c(j) = 13*l(j) + 6*v(j). Give c(2).
29
Let t = -3031 - -3045. Let w(h) = 7*h - 101. Give w(t).
-3
Let n(s) = s**2 - 9*s - 3. Let z be n(10). Let h(v) = 0*v - 13036*v**3 + 3*v + 0*v**2 - 8*v**2 + 13037*v**3 + 3*v + 7. What is h(z)?
0
Let g = 9654 + -9653. Let p(u) = 67*u**2 - 2*u. Determine p(g).
65
Let b(q) = 4*q**3 + 19*q**2 + 24*q + 3. Let z(m) = -11*m**3 - 58*m**2 - 71*m - 9. Let x(d) = -8*b(d) - 3*z(d). Give x(-21).
3
Let k(b) = -b**2 + 20*b - 4. Let j(i) = -i**3 - 130*i**2 + 821*i - 10. Let a be j(6). Determine k(a).
-4
Let j(m) = 1 + 6*m + 4*m + m**2 + 1 + 0 + 0. Let w be (24/10)/(9/(-30)). Determine j(w).
-14
Let w be 7/(-3) - 3/(-9). Let o be 7/2 + 1/w. Let q(k) = 23*k**2 + 3*k + 1. Let t(a) = a**3 + 125*a**2 + 15*a + 4. Let i(g) = 11*q(g) - 2*t(g). Calculate i(o).
-15
Let n(y) = -3*y + 11. Let s(r) = -2*r + 5. Let i(t) = -3*n(t) + 5*s(t). Suppose -2*u - 6*k + 2*k - 2 = 0, 0 = -u - 3*k + 3. Give i(u).
1
Let q(y) = -12*y - 18. Let x be 145/(-30) + -12 + 142/12. Give q(x).
42
Let c(m) = -m + 4. Let x(f) = 5*f**2 - f. Let q be x(1). Let i(v) be the third derivative of v**4/12 - 11*v**3/6 - 18*v**2 + 2*v. Let g be i(q). Calculate c(g).
7
Let a(s) = -19*s + 17. Let k be a(2). Let p be k/6*78/91. Let j(i) = i**3 + 4*i**2 + 3*i - 4. Determine j(p).
-4
Let m(g) = g**3 - 12*g**2 + 2*g - 16. Let x = 109 + 63. Let f = -160 + x. What is m(f)?
8
Let g(i) = -i + 8. Let h(k) = -k**3 + 7*k**2 - k. Let d be h(6). Suppose -43 = -5*j + 17. Suppose d = 5*w + v, -7*v + 4*v + j = 2*w. Calculate g(w).
2
Let h(w) = -w**2 + 3*w - 3. Let d be h(4). Let p(x) be the second derivative of -x**3/6 - 13*x**2/2 - 32008*x. What is p(d)?
-6
Let n(x) = 38474*x**2 - 19238*x**2 + 24*x - 24 - 19238*x**2. What is n(11)?
-2
Let b(k) = -2*k**2 + 2*k + 1. Let y(q) = 2*q**2 - 2*q - 1. Let p = -60 + 57. Let f(o) = p*y(o) - 2*b(o). Calculate f(-1).
-3
Let r(w) = w**2 + 6*w + 5. Let q = -3120 + 3111. Determine r(q).
32
Let z(o) be the third derivative of o**6/60 + 17*o**5/30 + 35*o**4/24 + 25*o**3/3 + 4*o**2 - 21. Let u be z(-16). Let q(g) = -2 - 4*g + 0*g + g. Give q(u).
-8
Let k(v) be the second derivative of -v**5/20 - 3*v**4/4 - 2*v**3 - 5*v**2/2 + 4760*v. What is k(-5)?
-45
Let c(l) be the second derivative of 65*l - 1/6*l**3 + 0 + 1/20*l**5 + 0*l**2 - 5/12*l**4. Give c(5).
-5
Let o(c) = -4*c - 2. Let x be o(8). Let u be (-4)/(-34) - (-4)/x. Let n(f) = 28 - 37 + f - 18. Determine n(u).
-27
Let p(w) = w**3 + 13*w**2 + w + 19. Suppose 25 = 19*r + 82. Let l be (5/2)/(2/(-8)) + r. Calculate p(l).
6
Let a(q) be the first derivative of -4*q**2 - 4*q - 2071. Let i(j) = -j**3 - 3*j**2 + 4*j - 3. Suppose -3 = -5*l - 23. Let y be i(l). Calculate a(y).
20
Let i(o) = 10*o - 84. Let k = 5090 + -5082. What is i(k)?
-4
Let m(r) = -2*r**3 + r**2. Suppose 46*w + 5 = 43*w + 2. Calculate m(w).
3
Let o(k) = -16*k + 38*k - 92 - 6*k - 22*k. Give o(-14).
-8
Let r(y) = 3*y - 17 + 8 + y - 1 + 4. Let a(c) = 5*c - 6. Let q(k) = 3*a(k) - 4*r(k). Calculate q(12).
-6
Let k(j) = 134*j - 9. Let g(m) = 291*m - 17. Let x(c) = -6*g(c) + 13*k(c). Calculate x(-6).
9
Suppose -11*u - 88 = -33*u. Let y(p) = -p**2 + 6*p - 14. Give y(u).
-6
Let i be (3/2)/((-2)/(-4)). Let t(v) be the third derivative of -5*v**4/24 + v**3 + 15*v**2 + 606. What is t(i)?
-9
Let r(v) be the third derivative of -3*v**4/4 - 2*v**3 - 430*v**2 + 4*v. Calculate r(5).
-102
Let l(j) = 29*j**2 + 10. Let w(n) = -46*n**2 - 16. Let z(c) = -8*l(c) - 5*w(c). Determine z(2).
-8
Let y(o) = o**3 + o**2 - 8. Let z be 0/(5 - 4*11/(-12)*-3). Calculate y(z).
-8
Let o(j) = -7*j - 848*j**2 + 302*j**2 + 271*j**2 - 5 - 3*j + 276*j**2. What is o(10)?
-5
Let n be (9/(-18))/(292/(-48) + 6). Let o(w) = 3*w**2 - 16*w - 8. Give o(n).
4
Let p(v) = -v**3 + 6*v**2 + v - 1. Let s(z) = 2*z**3 - 5*z**2 + 12*z - 4. Let n(g) = 3*p(g) + s(g). What is n(14)?
7
Let w(d) = -7*d - 193. Let a(t) = 9*t + 580. Let o(q) = 6*a(q) + 17*w(q). Let s be o(3). Let l(c) = 5*c + c**3 - c**3 - 5*c**2 + c**3 - 6. What is l(s)?
-2
Let b(q) = -71*q**3 + 47*q**2 + 5*q - 6. Let z(l) = -283*l**3 + 197*l**2 + 21*l - 25. Let p(r) = 21*b(r) - 5*z(r). Determine p(-1).
77
Let f = -77 - -96. Suppose 5*n + 20*z + 23 = f*z, -4*z + 8 = -5*n. Let p(m) = -m**2 + 2*m + 6. What is p(n)?
-18
Let j(z) = -20894 + 3*z - 3*z**3 + 20888 + z**3. Calculate j(0).
-6
Let s(t) be the second derivative of -t**3/2 + t**2 - 4*t + 523. Let f(n) = n**3 - 5*n**2 - 1. Let k be f(5). Calculate s(k).
5
Suppose -60546*l + 60544*l - 3 = 1. Let x(m) = 79*m + 158. Calculate x(l).
0
Let c(j) = j**2 + 4*j - 4. Let q be 3 + (-10 - -4) + (-283)/1. Let i = -291 - q. What is c(i)?
1
Let u = 12 + 1. Let p(a) = -4*a + 0 + 5 - u. Give p(-7).
20
Let v